et r = -51 + 53. Is t(r) prime?
False
Let m(w) = 5*w**3 - 5*w**2 + 2*w - 3. Let h be m(-4). Let d = -244 - h. Is d a prime number?
True
Let o = 8 - 8. Suppose o = -4*u - 74 - 26. Is (2 + u/(-2))*22 prime?
False
Let m(a) = -a**2 - a + 12. Let y be m(-4). Suppose y = -5*q + 5, 5*w - 4*q - 2053 = -722. Is w a composite number?
True
Let c = -18409 + 26126. Is c composite?
False
Suppose 0*s = -2*s + 4. Suppose 0 = -s*l + 145 - 47. Suppose 6*b - 4087 = -l. Is b a prime number?
True
Let j(v) = 47*v**2 - 4*v + 2. Let w = -7 + 7. Let c be 4 + w + (-2)/2. Is j(c) a prime number?
False
Let r(t) = t**2 + 12 + 0*t + 3*t - 3. Let m = -19 - -12. Is r(m) composite?
False
Let o be (-3)/(-15) + (-1046)/5. Let n = o + 338. Is n a composite number?
True
Let y(m) = 2*m - 15. Let r be ((-18)/(-3) - 2) + 6. Let f be y(r). Suppose 2*j - f*j = -114. Is j a prime number?
False
Suppose 3*g = -5*u + 1261 + 5037, 2*u + 4*g = 2522. Is u a prime number?
True
Let b be (4/(-14))/(9/(-63)) + 2093. Suppose 2*j - 7*j + b = 0. Is j a prime number?
True
Suppose 0 = -4*t + 2*t - w + 15930, 5*w - 15914 = -2*t. Is t a composite number?
True
Suppose -5*v = t - 1022, -2*v - 994 = 2*t - 3*t. Suppose j = t + 211. Is j a composite number?
False
Let n be 1/(0 + (-1)/2). Let s = -148 - -215. Is n*1*s/(-2) a prime number?
True
Suppose 1495 = -5*a - 3*b, 4*a + 2*b + 1196 = -b. Let q = 112 - a. Let t = q - -276. Is t prime?
False
Let g = -62 + -149. Suppose -5*t = 4*b + 1290, 4*b - 5*t + 1050 = -220. Let x = g - b. Is x a composite number?
False
Let c(t) = 102*t**2 - 32*t + 91. Is c(-24) prime?
True
Let z(q) = q - 7. Let t be z(10). Let u be (-25 + -1)*(t + -2). Is (11 - -3)*u/(-4) prime?
False
Suppose 2*v - 3*c + 1 = -2, -2*c = 4*v - 2. Suppose k + v*k - 379 = 0. Is k a prime number?
True
Let l(k) = -2152*k**3 + k**2 + 2*k + 2. Is l(-1) a prime number?
True
Suppose 6*l - 18424 = 8138. Is l prime?
False
Let z(a) = -2*a**2 - 9 - 16 + 35 - 13 + a**3 - 2*a. Is z(4) a prime number?
False
Suppose t + 3*o - 1662 = 202, -5*t + 9307 = 2*o. Is t a composite number?
False
Is (-27978)/(-8)*168/126 a prime number?
True
Suppose -26*o = -76341 - 101057. Is o a prime number?
True
Let d = -69 - -20. Let x = d - -134. Is x composite?
True
Suppose 0*h = -3*h + 609. Let s = -92 + h. Is s a composite number?
True
Let d = -46985 - -161656. Is d a composite number?
False
Let h = -2141 + -720. Is h/(((-12)/(-16))/(-3)*4) composite?
False
Suppose -42*d + 82*d - 2320120 = 0. Is d composite?
True
Suppose -2976 = -7*y + 28601. Is y prime?
False
Suppose 4025 = 2*p + z + 81, -4*p = -3*z - 7898. Is p prime?
True
Let d(j) = 8*j - 9. Let v be d(3). Suppose -5*c + v = -3*w, 11 - 26 = 5*c + 3*w. Suppose 12*u - 17*u + 1025 = c. Is u prime?
False
Let o = -39 - -40. Is -23*(2/o + -15) composite?
True
Let j(w) be the third derivative of 0 - 1/2*w**3 - 4*w**2 + 0*w + 19/24*w**4. Is j(6) a prime number?
False
Let p(a) = -4*a**3 + 35*a**2 - 36*a + 14. Is p(-13) prime?
False
Suppose 0 = 6*x - 32 - 46. Suppose 14*y - x*y - 133 = 0. Is y prime?
False
Suppose -2*t = -0*t + 2*f + 654, -1639 = 5*t + 3*f. Let p = -168 - t. Is p composite?
True
Let s = -880 - -1428. Suppose -3*o = -319 - s. Is o a composite number?
True
Let g(b) = 33*b**2 - 6*b + 6. Let s be g(4). Let p(r) = -6*r**3 + 2*r**2 - 6*r - 7. Let u be p(-1). Suppose -u*j + 421 = -s. Is j prime?
False
Suppose 3*p = 13 - 1. Suppose -808 = -0*b - p*b. Let n = b + -71. Is n a composite number?
False
Suppose 16264 = 4*b - 13044. Is b a prime number?
False
Let a = -16 - -435. Let v = -240 + a. Is v prime?
True
Let f(p) = 72*p**2 - 8*p + 1. Is f(7) a prime number?
False
Let y be 15/(-10)*((-2)/3)/1. Is -3*y*(-4 - 43/3) a prime number?
False
Suppose 2*t = -0*t. Suppose -4*w = -5*h + 1442, t = -2*w + 3*w + 3. Let d = h - -117. Is d composite?
True
Let g(q) = -q**2 + 7*q - 10. Let j be g(5). Suppose -7*d + 4991 = -j*d. Is d composite?
True
Suppose 4*u - 2*o = 2, -u + 2*o + 17 = 7*o. Suppose -d - 2*x + 11 = u*x, d - 4 = 3*x. Suppose d*g - 635 = 2*g. Is g a composite number?
False
Let h(q) = -q**3 - 20*q**2 + 7*q - 19. Is h(-24) prime?
False
Let i be (-3 + 4)/((-1)/(-76)). Suppose 2*p - 90 = i. Is p a prime number?
True
Suppose 211 - 1483 = -12*y. Is y prime?
False
Let n = 12272 - -27731. Is n a prime number?
False
Suppose -19*r + 20*r - 10 = 0. Suppose 14*i = r*i + 316. Is i a composite number?
False
Let m be (-2)/(-5) - ((-51)/(-5))/3. Is 8*23 + (m + 3 - -1) a composite number?
True
Suppose -u + 5253 = 5*b + u, b = -3*u + 1061. Is b a composite number?
False
Let p be 4*12/8 + -1. Suppose p*y - 46 = 4*k, -3 = -5*k - 23. Is (y/2)/((-21)/(-406)) a composite number?
True
Suppose -42 - 589 = -t. Suppose -2*x + 3*x - t = 0. Is x composite?
False
Suppose -3*k - 3 = -9. Suppose 266 = 4*o + k*m, 0 = -o + m + 36 + 32. Is o a prime number?
True
Let d be (-624)/(-44) + (-8)/44. Suppose 13*t = d*t - 1437. Is t a prime number?
False
Let c(a) = 127*a**3 + 2*a**2 + 5*a - 4. Let w(v) = -255*v**3 - 4*v**2 - 11*v + 9. Let r(j) = -7*c(j) - 3*w(j). Is r(-2) composite?
True
Let n = -1606 - -3785. Is n composite?
False
Let c = 16 - 2. Suppose c*p - 24 = 15*p. Let f = p + 89. Is f prime?
False
Let g(w) = -3*w**3 - 3*w**2 + w + 4. Let h(c) = c + 1. Let r be h(5). Let n(v) = -v**3 - v**2 + 1. Let o(u) = r*n(u) - g(u). Is o(-3) composite?
False
Let y(p) = -p**3 + 6*p**2 + 4*p + 25. Let d be y(7). Is (d/(-8))/((-1)/(-2))*-1823 a composite number?
False
Is 102/68*33836/6 a prime number?
False
Suppose -6*l = -2*l - 8. Is 214/l*(5 - 2) a prime number?
False
Suppose -7*y - 14 = -9*y. Let g be 1258/y + (-12)/(-42). Suppose 118 = 2*j - g. Is j prime?
True
Let o(x) = -x**3 - 3*x**2 + x + 3. Let c be (-1)/(-3) + 190/(-57). Let q be o(c). Suppose -4*g + q*g = -2332. Is g prime?
False
Let d = -1411 + 620. Let w = d - -2442. Is w a composite number?
True
Let p = 19 - 58. Let m = p - -55. Let w = 147 + m. Is w prime?
True
Let h(p) = 8852*p + 383. Is h(18) composite?
True
Suppose -13601 = 6*a - 105971. Is a composite?
True
Suppose -764 = -6*x + 32062. Is x a composite number?
False
Suppose -4*f - 203 = 5*p + 6753, -4*p - 3*f - 5564 = 0. Let t = -981 - p. Is t a prime number?
False
Suppose 2*a - 11*y - 64176 = -13*y, 4*y - 96259 = -3*a. Is a a prime number?
False
Let r(j) = 90*j**3 - 2*j - 2. Let d be r(-1). Let p = 169 + d. Is p composite?
False
Suppose -5*l + 2*l = -5*m + 2731, -l = 3*m + 887. Let c = -459 - l. Is c prime?
True
Let m(f) = -2*f**3 + 9*f**2 + 26. Is m(-11) a composite number?
True
Let q(v) = -v**3 + 5*v**2 - v + 4. Let y be q(5). Is 1407/42 - y/2 composite?
True
Suppose -3*u = -5*u + 10, g = -5*u + 3178. Is g a prime number?
False
Let r(i) = 2*i + 3. Let s be r(0). Let b be (s - 0)*26/(-39). Is (-1179)/6*b - 4 a composite number?
False
Let f = 85 - 89. Let c(m) = -4*m**3 + 6*m**2 + 8*m + 3. Is c(f) prime?
False
Let z = 2959 - 886. Is z a prime number?
False
Let y(q) = -q**2 + q + 1. Let g(n) = -20*n - 5. Let w(i) = g(i) - 4*y(i). Is w(17) prime?
True
Let k(u) = 45*u - 5. Let h be (3/2)/(3/46). Suppose 20 = 5*i + 2*r, 4*r + h = 4*i + 7*r. Is k(i) composite?
True
Is -7529*(2 - 3)*1 a composite number?
False
Suppose 7*b - 38093 = -8854. Is b composite?
False
Suppose -4*s = 3*r + 3677, -s = -4*r - 4*s - 4891. Suppose -4*f = 0, 4*t + f - 3*f = -2880. Let l = t - r. Is l a composite number?
False
Suppose 2*m - 2 - 4 = 0. Suppose -393 - 99 = -12*g. Is (-1 + m)/(-1) + g composite?
True
Let h = 15152 + 3187. Is h prime?
False
Suppose 9 = 4*b + 1, 0 = 5*a - 2*b - 2251. Is a composite?
True
Let i = -53 - -57. Is i/(1 + -9)*-1814 a prime number?
True
Let i(t) = t**3 - 7*t**2 - 8*t + 4. Let v be i(8). Suppose -6*j = -v*j - 74. Is j a prime number?
True
Suppose 5*l = j - 6*j + 70, 3*j - 4*l = 14. Let m = j - 1. Suppose m*a - 10*a + 43 = 0. Is a a prime number?
True
Suppose 2*y + p - 10226 = 3960, -y = p - 7093. Is y a composite number?
True
Let v(d) = d**2 + 11*d + 24. Let z be v(-10). Let x(j) = 3*j**2 + 3*j + 11. Is x(z) a prime number?
True
Let s = 83 + -79. Suppose -5*i = -7*w + 3*w + 3669, s*w - 3619 = -5*i. Is w a composite number?
False
Let m(q) = 7 - 10 + 60*q - 2 + 3. Suppose -3*k = 2*k - 10. Is m(k) composite?
True
Let p(b) = -65*b - 8. Suppose 0 = 2*t - 1 + 7. Is p(t) composite?
True
Is (2/(-2))/((-49)/7364063) a 